5 is divided by 17789?
4
Calculate the remainder when 5690 is divided by 212.
178
Calculate the remainder when 9530 is divided by 16.
10
What is the remainder when 150302 is divided by 77?
75
Calculate the remainder when 34044 is divided by 32.
28
What is the remainder when 8746 is divided by 257?
8
What is the remainder when 5267 is divided by 1038?
77
What is the remainder when 46865 is divided by 7796?
89
Calculate the remainder when 16047 is divided by 223.
214
Calculate the remainder when 9622 is divided by 4806.
10
Calculate the remainder when 362225 is divided by 72444.
5
What is the remainder when 1918 is divided by 317?
16
Calculate the remainder when 671 is divided by 186.
113
What is the remainder when 16438 is divided by 11?
4
What is the remainder when 95911 is divided by 3194?
91
Calculate the remainder when 166 is divided by 14.
12
Calculate the remainder when 128 is divided by 71.
57
Calculate the remainder when 1860 is divided by 1855.
5
Calculate the remainder when 6434 is divided by 70.
64
What is the remainder when 27400 is divided by 199?
137
What is the remainder when 14725 is divided by 817?
19
Calculate the remainder when 2803 is divided by 421.
277
Calculate the remainder when 10554 is divided by 2099.
59
What is the remainder when 8496239 is divided by 559?
557
What is the remainder when 3229 is divided by 322?
9
What is the remainder when 151807 is divided by 323?
320
What is the remainder when 4832 is divided by 53?
9
What is the remainder when 27459 is divided by 126?
117
What is the remainder when 28607 is divided by 424?
199
Calculate the remainder when 19823 is divided by 273.
167
What is the remainder when 2339 is divided by 13?
12
What is the remainder when 300 is divided by 14?
6
Calculate the remainder when 7377 is divided by 36.
33
What is the remainder when 1243920 is divided by 22?
18
What is the remainder when 15276 is divided by 15274?
2
What is the remainder when 13439 is divided by 3357?
11
Calculate the remainder when 65181 is divided by 490.
11
What is the remainder when 26817 is divided by 2680?
17
What is the remainder when 26240 is divided by 162?
158
Calculate the remainder when 781 is divided by 130.
1
What is the remainder when 24943 is divided by 287?
261
Calculate the remainder when 43546 is divided by 19.
17
Calculate the remainder when 909 is divided by 610.
299
Calculate the remainder when 20193 is divided by 5042.
25
Calculate the remainder when 36912 is divided by 67.
62
What is the remainder when 254305 is divided by 268?
241
Calculate the remainder when 2898 is divided by 169.
25
Calculate the remainder when 3073333 is divided by 79.
75
What is the remainder when 14954 is divided by 996?
14
What is the remainder when 5364674 is divided by 1899?
1898
What is the remainder when 9766 is divided by 4260?
1246
What is the remainder when 426404 is divided by 465?
464
What is the remainder when 76659 is divided by 95?
89
What is the remainder when 1693 is divided by 10?
3
Calculate the remainder when 2934 is divided by 626.
430
Calculate the remainder when 8325 is divided by 34.
29
What is the remainder when 200520 is divided by 33420?
0
Calculate the remainder when 502395 is divided by 171.
168
Calculate the remainder when 76882 is divided by 149.
147
Calculate the remainder when 3556 is divided by 90.
46
What is the remainder when 54034 is divided by 3600?
34
Calculate the remainder when 1153 is divided by 6.
1
Calculate the remainder when 1276242 is divided by 395.
392
What is the remainder when 45380 is divided by 136?
92
Calculate the remainder when 111517 is divided by 43.
18
What is the remainder when 2044 is divided by 503?
32
Calculate the remainder when 7720 is divided by 78.
76
What is the remainder when 18610 is divided by 51?
46
Calculate the remainder when 177892 is divided by 757.
754
What is the remainder when 26533 is divided by 804?
1
What is the remainder when 503 is divided by 6?
5
Calculate the remainder when 9255685 is divided by 104.
101
What is the remainder when 4165 is divided by 264?
205
Calculate the remainder when 17733 is divided by 5846.
195
What is the remainder when 7361 is divided by 154?
123
Calculate the remainder when 1065 is divided by 2.
1
What is the remainder when 12735 is divided by 6081?
573
Calculate the remainder when 1515389 is divided by 128.
125
What is the remainder when 7865 is divided by 1960?
25
Calculate the remainder when 57133 is divided by 96.
13
What is the remainder when 213077 is divided by 26?
7
What is the remainder when 45112 is divided by 469?
88
Calculate the remainder when 95880 is divided by 191.
189
Calculate the remainder when 257521 is divided by 256.
241
Calculate the remainder when 8931 is divided by 2960.
51
What is the remainder when 21761 is divided by 418?
25
Calculate the remainder when 15089 is divided by 949.
854
What is the remainder when 142972 is divided by 302?
126
What is the remainder when 685 is divided by 297?
91
Calculate the remainder when 824 is divided by 415.
409
Calculate the remainder when 26284 is divided by 1877.
6
Calculate the remainder when 1101 is divided by 339.
84
Calculate the remainder when 6695 is divided by 134.
129
Calculate the remainder when 3179 is divided by 73.
40
Calculate the remainder when 164442 is divided by 54812.
6
Calculate the remainder when 354 is divided by 130.
94
Calculate the remainder when 1309 is divided by 1288.
21
Calculate the remainder when 9837 is divided by 266.
261
Calculate the remainder when 11647 is divided by 22.
9
Calculate the remainder when 73063 is divided by 599.
584
What is the remainder when 9551 is divided by 9540?
11
Calculate the remainder when 90217 is divided by 45092.
33
Calculate the remainder when 19574 is divided by 135.
134
What is the remainder when 26591124 is divided by 55?
54
Calculate the remainder when 5334 is divided by 41.
4
Calculate the remainder when 217689 is divided by 12.
9
What is the remainder when 430250 is divided by 63?
23
What is the remainder when 249855 is divided by 240?
15
What is the remainder when 1645746 is divided by 29?
25
Calculate the remainder when 2169 is divided by 554.
507
Calculate the remainder when 2474 is divided by 747.
233
What is the remainder when 6973 is divided by 194?
183
What is the remainder when 128255 is divided by 235?
180
What is the remainder when 2293 is divided by 488?
341
What is the remainder when 217386 is divided by 13586?
10
Calculate the remainder when 1794 is divided by 463.
405
What is the remainder when 3429 is divided by 2936?
493
What is the remainder when 63285 is divided by 368?
357
Calculate the remainder when 12778 is divided by 355.
353
What is the remainder when 10818 is divided by 199?
72
Calculate the remainder when 954 is divided by 424.
106
Calculate the remainder when 8222 is divided by 187.
181
What is the remainder when 170845 is divided by 41?
39
What is the remainder when 5229 is divided by 4595?
634
What is the remainder when 19426 is divided by 3235?
16
What is the remainder when 3274 is divided by 1925?
1349
What is the remainder when 11828 is divided by 1476?
20
Calculate the remainder when 51703 is divided by 512.
503
What is the remainder when 163619 is divided by 270?
269
What is the remainder when 15086 is divided by 1460?
486
What is the remainder when 95994 is divided by 1572?
102
What is the remainder when 167679 is divided by 130?
109
What is the remainder when 39208 is divided by 312?
208
Calculate the remainder when 27388 is divided by 9109.
61
Calculate the remainder when 43324 is divided by 44.
28
What is the remainder when 1428986 is divided by 188?
186
What is the remainder when 23529 is divided by 26?
25
What is the remainder when 19948 is divided by 70?
68
What is the remainder when 869163 is divided by 12?
3
What is the remainder when 51195 is divided by 169?
157
What is the remainder when 105666 is divided by 52824?
18
Calculate the remainder when 2417 is divided by 220.
217
Calculate the remainder when 217898 is divided by 493.
485
What is the remainder when 649 is divided by 26?
25
Calculate the remainder when 3512 is divided by 1191.
1130
What is the remainder when 17033 is divided by 3385?
108
Calculate the remainder when 67946 i